{"id":23,"date":"2018-11-08T08:55:36","date_gmt":"2018-11-08T07:55:36","guid":{"rendered":"https:\/\/www.msjevany.cz\/?page_id=23"},"modified":"2023-03-29T16:18:08","modified_gmt":"2023-03-29T14:18:08","slug":"kontakty","status":"publish","type":"page","link":"https:\/\/www.msjevany.cz\/?page_id=23","title":{"rendered":"Kontakty"},"content":{"rendered":"<p style=\"text-align: left;\">\u00a0<\/p>\n<p style=\"text-align: left;\">Adresa:\u00a0 <strong>Mate\u0159sk\u00e1 \u0161kola Jevany<\/strong><\/p>\n<p style=\"text-align: left;\">\u00a0 \u00a0 \u00a0 \u00a0 \u00a0 \u00a0 \u00a0 \u00a0 <strong>Sportovn\u00ed 385<\/strong><\/p>\n<p style=\"text-align: left;\">\u00a0 \u00a0 \u00a0 \u00a0 \u00a0 \u00a0 \u00a0 \u00a0 <strong>281 66 Jevany<\/strong><\/p>\n<p style=\"text-align: left;\">\u00a0 \u00a0 \u00a0 \u00a0 \u00a0 \u00a0 \u00a0 \u00a0<strong>\u00a0<\/strong><a href=\"http:\/\/mapy.cz\/s\/8M1i\" target=\"_blank\" rel=\"noopener noreferrer\"><strong>Najdete n\u00e1s zde<\/strong><\/a><\/p>\n<p>\u00a0<\/p>\n<p>I\u010cO:\u00a0 <strong>72545429<\/strong><\/p>\n<p>Z\u0159izovatel:\u00a0 <strong>Obec Jevany<\/strong><\/p>\n<p>WEB:\u00a0 <strong>https:\/\/www.msjevany.cz\/<\/strong><\/p>\n<p>Provozn\u00ed doba:\u00a0<strong> Po &#8211; P\u00e1:\u00a0 7:00 &#8211; 16:30 hod.<\/strong><\/p>\n<p>Platby \u0161koln\u00e9ho a stravn\u00e9ho na \u00fa\u010det \u0161koly:\u00a0 <strong>246410309 \/ 0300<\/strong><\/p>\n<p>\u00a0<\/p>\n<p>\u0158editelka:\u00a0<strong> Radka Dandov\u00e1<\/strong><\/p>\n<p style=\"text-align: left;\">\u00a0 \u00a0 \u00a0 \u00a0 \u00a0 \u00a0 \u00a0 \u00a0 \u00a0\u00a0\u00a0 tel.: 311 249 340<\/p>\n<p style=\"text-align: left;\">\u00a0 \u00a0 \u00a0 \u00a0 \u00a0 \u00a0 \u00a0 \u00a0 \u00a0\u00a0\u00a0 mobil: 776 647 735<\/p>\n<p style=\"text-align: left;\">\u00a0 \u00a0 \u00a0 \u00a0 \u00a0 \u00a0 \u00a0 \u00a0 \u00a0\u00a0\u00a0 e-mail: reditelna@msjevany.cz<\/p>\n<p>\u00a0<\/p>\n<p style=\"text-align: left;\">Vedouc\u00ed \u0161koln\u00ed j\u00eddelny:<strong> Hana Mondscheinov\u00e1<br \/><\/strong><\/p>\n<p style=\"text-align: left;\">\u00a0\u00a0\u00a0\u00a0\u00a0\u00a0\u00a0\u00a0\u00a0\u00a0\u00a0\u00a0\u00a0\u00a0\u00a0\u00a0\u00a0\u00a0\u00a0 tel.: 311 249 341<\/p>\n<p style=\"text-align: left;\">\u00a0 \u00a0 \u00a0 \u00a0 \u00a0 \u00a0 \u00a0 \u00a0 \u00a0\u00a0\u00a0 e-mail: jidelna@msjevany.cz<\/p>\n<p>\u00a0<\/p>\n<p><strong>U\u010ditelky:\u00a0\u00a0 <\/strong><\/p>\n<ul>\n<li>T\u0159\u00edda U RYBI\u010cEK:\u00a0 tel. &#8211; 773 901 964, e-mail &#8211; rybicky@msjevany.cz<\/li>\n<li>T\u0159\u00edda U \u017dELVI\u010cEK:\u00a0 tel. &#8211; 736 653 688, e-mail &#8211; zelvicky@msjevany.cz<\/li>\n<li>T\u0159\u00edda U \u0160NE\u010cK\u016e: tel. &#8211; 736 653 773, e-mail &#8211; snecci@msjevany.cz<\/li>\n<\/ul>\n<p><strong>Zp\u016fsob omlouv\u00e1n\u00ed d\u011bt\u00ed: \u00a0<\/strong><\/p>\n<ul>\n<li><span style=\"text-decoration: underline;\">z\u00e1pisem<\/span> do omluvn\u00e9ho se\u0161itu v \u0161atn\u011b d\u011bt\u00ed<\/li>\n<li>na telefonn\u00edm \u010d\u00edsle <span style=\"text-decoration: underline;\">311 249 341<\/span><\/li>\n<li>na e-mail <span style=\"text-decoration: underline;\">omluvenky@msjevany.cz<\/span><\/li>\n<\/ul>\n\n\n<p><\/p>\n","protected":false},"excerpt":{"rendered":"<p>\u00a0 Adresa:\u00a0 Mate\u0159sk\u00e1 \u0161kola Jevany \u00a0 \u00a0 \u00a0 \u00a0 \u00a0 \u00a0 \u00a0 \u00a0 Sportovn\u00ed 385 \u00a0 \u00a0 \u00a0 \u00a0 \u00a0 \u00a0 \u00a0 \u00a0 281 66 Jevany \u00a0 \u00a0 \u00a0 \u00a0 \u00a0 \u00a0 \u00a0 \u00a0\u00a0Najdete n\u00e1s zde \u00a0 I\u010cO:\u00a0 72545429 Z\u0159izovatel:\u00a0<\/p>\n","protected":false},"author":2,"featured_media":0,"parent":0,"menu_order":7,"comment_status":"closed","ping_status":"closed","template":"","meta":{"footnotes":""},"class_list":["post-23","page","type-page","status-publish","hentry"],"_links":{"self":[{"href":"https:\/\/www.msjevany.cz\/index.php?rest_route=\/wp\/v2\/pages\/23","targetHints":{"allow":["GET"]}}],"collection":[{"href":"https:\/\/www.msjevany.cz\/index.php?rest_route=\/wp\/v2\/pages"}],"about":[{"href":"https:\/\/www.msjevany.cz\/index.php?rest_route=\/wp\/v2\/types\/page"}],"author":[{"embeddable":true,"href":"https:\/\/www.msjevany.cz\/index.php?rest_route=\/wp\/v2\/users\/2"}],"replies":[{"embeddable":true,"href":"https:\/\/www.msjevany.cz\/index.php?rest_route=%2Fwp%2Fv2%2Fcomments&post=23"}],"version-history":[{"count":23,"href":"https:\/\/www.msjevany.cz\/index.php?rest_route=\/wp\/v2\/pages\/23\/revisions"}],"predecessor-version":[{"id":4145,"href":"https:\/\/www.msjevany.cz\/index.php?rest_route=\/wp\/v2\/pages\/23\/revisions\/4145"}],"wp:attachment":[{"href":"https:\/\/www.msjevany.cz\/index.php?rest_route=%2Fwp%2Fv2%2Fmedia&parent=23"}],"curies":[{"name":"wp","href":"https:\/\/api.w.org\/{rel}","templated":true}]}}