{"id":27,"date":"2018-11-08T09:00:21","date_gmt":"2018-11-08T08:00:21","guid":{"rendered":"https:\/\/www.msjevany.cz\/?page_id=27"},"modified":"2025-08-29T11:51:03","modified_gmt":"2025-08-29T09:51:03","slug":"na-co-se-tesime","status":"publish","type":"page","link":"https:\/\/www.msjevany.cz\/?page_id=27","title":{"rendered":"Na co se t\u011b\u0161\u00edme"},"content":{"rendered":"<p><strong>Na\u0161e mate\u0159sk\u00e1 \u0161kola v r\u00e1mci \u0161koln\u00edho programu nab\u00edz\u00ed:<\/strong><\/p>\n<ul>\n<li>projektov\u00e9 dny, t\u00e9matick\u00e9 dny, divadeln\u00ed a cirkusov\u00e9 p\u0159edstaven\u00ed, n\u00e1v\u0161t\u011bva \u017eiv\u00fdch zv\u00ed\u0159at ve \u0161kole, \u0161koln\u00ed v\u00fdlet, karneval, \u0161koln\u00ed fotografov\u00e1n\u00ed, t\u0159\u00eddn\u00ed sch\u016fzky, konzultace s rodi\u010di, poradenskou \u010dinnost, akce spole\u010dn\u00e9 s rodi\u010di<\/li>\n<li>speci\u00e1ln\u00ed pedagogickou p\u00e9\u010di pro d\u011bti s podp\u016frn\u00fdmi opat\u0159en\u00edmi<\/li>\n<\/ul>\n<p><strong>\u0160koln\u00ed projekty:<\/strong><\/p>\n<ul>\n<li>&#8222;Brousek pro tv\u016fj jaz\u00fd\u010dek&#8220;<\/li>\n<li>&#8222;Moje prvn\u00ed pen\u00edze&#8220;<\/li>\n<li>&#8222;Ukv\u00e1kan\u00e1 \u017e\u00e1ba&#8220;<\/li>\n<li>&#8222;Se Sokolem do \u017eivota&#8220;<\/li>\n<\/ul>\n<p><strong>Nad r\u00e1mec \u0161koln\u00edho programu nab\u00edz\u00edme:<\/strong><\/p>\n<ul>\n<li>testov\u00e1n\u00ed d\u00edt\u011bte speci\u00e1ln\u00edm pedagogem v oblasti grafomotorick\u00fdch dovednost\u00ed<\/li>\n<li>kurz pro d\u011bti ke zlep\u0161en\u00ed grafomotoriky<\/li>\n<\/ul>\n","protected":false},"excerpt":{"rendered":"<p>Na\u0161e mate\u0159sk\u00e1 \u0161kola v r\u00e1mci \u0161koln\u00edho programu nab\u00edz\u00ed: projektov\u00e9 dny, t\u00e9matick\u00e9 dny, divadeln\u00ed a cirkusov\u00e9 p\u0159edstaven\u00ed, n\u00e1v\u0161t\u011bva \u017eiv\u00fdch zv\u00ed\u0159at ve \u0161kole, \u0161koln\u00ed v\u00fdlet, karneval, \u0161koln\u00ed fotografov\u00e1n\u00ed, t\u0159\u00eddn\u00ed sch\u016fzky, konzultace s rodi\u010di, poradenskou \u010dinnost, akce spole\u010dn\u00e9 s rodi\u010di speci\u00e1ln\u00ed pedagogickou p\u00e9\u010di<\/p>\n","protected":false},"author":2,"featured_media":0,"parent":29,"menu_order":9,"comment_status":"closed","ping_status":"closed","template":"","meta":{"footnotes":""},"class_list":["post-27","page","type-page","status-publish","hentry"],"_links":{"self":[{"href":"https:\/\/www.msjevany.cz\/index.php?rest_route=\/wp\/v2\/pages\/27","targetHints":{"allow":["GET"]}}],"collection":[{"href":"https:\/\/www.msjevany.cz\/index.php?rest_route=\/wp\/v2\/pages"}],"about":[{"href":"https:\/\/www.msjevany.cz\/index.php?rest_route=\/wp\/v2\/types\/page"}],"author":[{"embeddable":true,"href":"https:\/\/www.msjevany.cz\/index.php?rest_route=\/wp\/v2\/users\/2"}],"replies":[{"embeddable":true,"href":"https:\/\/www.msjevany.cz\/index.php?rest_route=%2Fwp%2Fv2%2Fcomments&post=27"}],"version-history":[{"count":8,"href":"https:\/\/www.msjevany.cz\/index.php?rest_route=\/wp\/v2\/pages\/27\/revisions"}],"predecessor-version":[{"id":6019,"href":"https:\/\/www.msjevany.cz\/index.php?rest_route=\/wp\/v2\/pages\/27\/revisions\/6019"}],"up":[{"embeddable":true,"href":"https:\/\/www.msjevany.cz\/index.php?rest_route=\/wp\/v2\/pages\/29"}],"wp:attachment":[{"href":"https:\/\/www.msjevany.cz\/index.php?rest_route=%2Fwp%2Fv2%2Fmedia&parent=27"}],"curies":[{"name":"wp","href":"https:\/\/api.w.org\/{rel}","templated":true}]}}