{"id":29,"date":"2018-11-08T09:00:30","date_gmt":"2018-11-08T08:00:30","guid":{"rendered":"https:\/\/www.msjevany.cz\/?page_id=29"},"modified":"2025-08-29T11:47:33","modified_gmt":"2025-08-29T09:47:33","slug":"o-nas","status":"publish","type":"page","link":"https:\/\/www.msjevany.cz\/?page_id=29","title":{"rendered":"O n\u00e1s"},"content":{"rendered":"<p>Mate\u0159sk\u00e1 \u0161kola Jevany je um\u00edst\u011bna v klidn\u00e9 lokalit\u011b obce, v bl\u00edzkosti fotbalov\u00e9ho h\u0159i\u0161t\u011b a lesa. \u0160kola byla otev\u0159ena v z\u00e1\u0159\u00ed roku 2011.<\/p>\n<p>\u0160koln\u00ed budova je modern\u00ed, pln\u011b funk\u010dn\u00ed a spl\u0148uje ve\u0161ker\u00e9 bezpe\u010dnostn\u00ed a hygienick\u00e9 normy.<\/p>\n<p>Vzd\u011bl\u00e1v\u00e1n\u00ed d\u011bt\u00ed prob\u00edh\u00e1 ve t\u0159ech t\u0159\u00edd\u00e1ch, kde je celkov\u011b zaps\u00e1no 57 d\u011bt\u00ed. T\u0159\u00eddy m\u00e1me pojmenovan\u00e9 a barevn\u011b odli\u0161en\u00e9,\u00a0U rybi\u010dek\u00a0&#8211; zelen\u00e1,\u00a0U \u0161ne\u010dk\u016f\u00a0&#8211; modr\u00e1,\u00a0U \u017eelvi\u010dek\u00a0&#8211; oran\u017eov\u00e1. Prostorov\u00e9 uspo\u0159\u00e1d\u00e1n\u00ed t\u0159\u00edd poskytuje d\u011btem soukrom\u00ed pro hru, ale i prostor pro kolektivn\u00ed, skupinovou a individu\u00e1ln\u00ed pr\u00e1ci. K odpo\u010dinku slou\u017e\u00ed pevn\u00e9 lo\u017enice, ke cvi\u010den\u00ed mal\u00e1 t\u011blocvi\u010dna.<\/p>\n<p>Stravov\u00e1n\u00ed d\u011bt\u00ed prob\u00edh\u00e1 ve \u0161koln\u00ed j\u00eddeln\u011b, j\u00eddlo p\u0159ipravujeme ve vlastn\u00ed kuchyni.<\/p>\n<p>K budov\u011b \u0161koly p\u0159il\u00e9h\u00e1 mal\u00e1, ale funk\u010dn\u00ed zahrada.<\/p>\n<p>Mate\u0159sk\u00e1 \u0161kola nav\u00e1zala spolupr\u00e1ci s pedagogick\u00fdm centrem Telesis.<\/p>\n\n\n<p><strong>Mate\u0159sk\u00e1 \u0161kola Jevany je zapojena do projektu &#8222;\u0160ablony do \u0161kol&#8220;<\/strong>.<\/p>\n\n\n\n<div class=\"wp-block-image\"><figure class=\"alignleft size-large is-resized\"><img loading=\"lazy\" decoding=\"async\" src=\"https:\/\/www.msjevany.cz\/wp-content\/uploads\/\u0161ablony-1.jpg\" alt=\"\" class=\"wp-image-1182\" width=\"389\" height=\"527\" srcset=\"https:\/\/www.msjevany.cz\/wp-content\/uploads\/\u0161ablony-1.jpg 668w, https:\/\/www.msjevany.cz\/wp-content\/uploads\/\u0161ablony-1-221x300.jpg 221w\" sizes=\"auto, (max-width: 389px) 100vw, 389px\" \/><\/figure><\/div>\n\n\n\n\n\n<figure class=\"wp-block-image size-large\"><img loading=\"lazy\" decoding=\"async\" width=\"493\" height=\"699\" src=\"https:\/\/www.msjevany.cz\/wp-content\/uploads\/letak_digitalizace.jpg\" alt=\"\" class=\"wp-image-5069\" srcset=\"https:\/\/www.msjevany.cz\/wp-content\/uploads\/letak_digitalizace.jpg 493w, https:\/\/www.msjevany.cz\/wp-content\/uploads\/letak_digitalizace-212x300.jpg 212w\" sizes=\"auto, (max-width: 493px) 100vw, 493px\" \/><\/figure>\n","protected":false},"excerpt":{"rendered":"<p>Mate\u0159sk\u00e1 \u0161kola Jevany je um\u00edst\u011bna v klidn\u00e9 lokalit\u011b obce, v bl\u00edzkosti fotbalov\u00e9ho h\u0159i\u0161t\u011b a lesa. \u0160kola byla otev\u0159ena v z\u00e1\u0159\u00ed roku 2011. \u0160koln\u00ed budova je modern\u00ed, pln\u011b funk\u010dn\u00ed a spl\u0148uje ve\u0161ker\u00e9 bezpe\u010dnostn\u00ed a hygienick\u00e9 normy. Vzd\u011bl\u00e1v\u00e1n\u00ed d\u011bt\u00ed prob\u00edh\u00e1 ve t\u0159ech<\/p>\n","protected":false},"author":2,"featured_media":0,"parent":0,"menu_order":1,"comment_status":"closed","ping_status":"closed","template":"","meta":{"footnotes":""},"class_list":["post-29","page","type-page","status-publish","hentry"],"_links":{"self":[{"href":"https:\/\/www.msjevany.cz\/index.php?rest_route=\/wp\/v2\/pages\/29","targetHints":{"allow":["GET"]}}],"collection":[{"href":"https:\/\/www.msjevany.cz\/index.php?rest_route=\/wp\/v2\/pages"}],"about":[{"href":"https:\/\/www.msjevany.cz\/index.php?rest_route=\/wp\/v2\/types\/page"}],"author":[{"embeddable":true,"href":"https:\/\/www.msjevany.cz\/index.php?rest_route=\/wp\/v2\/users\/2"}],"replies":[{"embeddable":true,"href":"https:\/\/www.msjevany.cz\/index.php?rest_route=%2Fwp%2Fv2%2Fcomments&post=29"}],"version-history":[{"count":16,"href":"https:\/\/www.msjevany.cz\/index.php?rest_route=\/wp\/v2\/pages\/29\/revisions"}],"predecessor-version":[{"id":6018,"href":"https:\/\/www.msjevany.cz\/index.php?rest_route=\/wp\/v2\/pages\/29\/revisions\/6018"}],"wp:attachment":[{"href":"https:\/\/www.msjevany.cz\/index.php?rest_route=%2Fwp%2Fv2%2Fmedia&parent=29"}],"curies":[{"name":"wp","href":"https:\/\/api.w.org\/{rel}","templated":true}]}}